 h(n) = -7*n**3 + n**2 - 5*n + 10. Let c be h(4). Let v = c - -1135. Let f = -477 + v. What is the units digit of f?
6
Let r(a) = 4*a**2 - a + 26. Let d(x) = -x**2 - 2. Let g(z) = 3*d(z) + r(z). Suppose 2*m = m + 7. What is the units digit of g(m)?
2
Let z(f) = 49*f**2 + 38*f + 74. What is the tens digit of z(-5)?
0
Let f be 6/(-9) - (-8)/12. Suppose f = 2*n - 13*n + 22. Let z = n + 2. What is the units digit of z?
4
Suppose -7*q + 1859163 = 31*q - 7*q. What is the hundreds digit of q?
9
Let z(b) = 2659*b + 2589. What is the hundreds digit of z(22)?
0
What is the units digit of ((-20)/7)/((-6)/14763)?
0
Suppose -372602 = -119*t + 2964689 - 54914. What is the ten thousands digit of t?
2
Let o(t) = 1216*t - 1347. What is the tens digit of o(8)?
8
Let r(m) = 10*m**2 - 53*m - 487. What is the thousands digit of r(-25)?
7
Suppose 0 = -5*m + 13*b - 11*b + 3305, 5*m + 3*b = 3305. Suppose -m = -7*w + 277. What is the hundreds digit of w?
1
Let r(g) = g**3 - 8*g - 7. Let w be r(-1). Suppose -b + 4*z + 778 = 2*b, w = -2*z + 10. What is the tens digit of b?
6
Let s(y) = 3*y**2 - 8*y + 4. Let d be s(2). Suppose -8*h + 15*h - 679 = d. What is the tens digit of h?
9
Suppose -1625*p + 1640*p = 246120. What is the ten thousands digit of p?
1
Let w(r) = 31*r**2 + 248*r + 10. What is the units digit of w(21)?
9
Let z(a) = 16*a**2 - 6*a - 21. Let j be z(-5). Suppose -x - 243 = -3*l + 390, 5*x = 2*l - j. Let r = 298 - l. What is the units digit of r?
6
Suppose -3*p - 3 = 48. Let z(g) = -1 - 19*g + 4 - 3 - g**2 + 3. What is the tens digit of z(p)?
3
Suppose 6*n + 3*n + 1404 = 0. Let m = n - -86. Let a = m - -318. What is the hundreds digit of a?
2
Let l = -5746 + 22667. What is the tens digit of l?
2
Let b = -15 - -69. Suppose 3*c - 4*w - 44 = 0, 4*c + 0*c = 3*w + b. What is the units digit of ((-192)/(-4))/(3/c)?
2
Suppose 92143 = 5*m - 3*h, 45*m + 5*h + 73730 = 49*m. What is the hundreds digit of m?
4
Suppose -38*o + 39*o - 2200 = 4*v, 2*o - 3*v - 4415 = 0. What is the thousands digit of o?
2
Let i(j) be the second derivative of 0 + 6*j - 1/6*j**3 + 103/2*j**2. What is the units digit of i(0)?
3
Let l(c) = 71*c**2 + 62*c - 969. What is the tens digit of l(14)?
1
Suppose 3*f - 1451 = j, -7*f + 3*j = -9*f + 960. What is the tens digit of f?
8
Suppose -658 = 3*i + 4*i. Let w = i - -91. What is the tens digit of (-999)/(-6) + w/(-6)?
6
Let v = 110340 - 73390. What is the units digit of v?
0
Let b(n) = 2*n**2 - 18*n - 39. Suppose 3*x + 5*j = 27, 3*j = x + 2*x - 51. Suppose -12*l - 30 = -x*l. What is the tens digit of b(l)?
4
Let k = 242 - 237. Suppose -k*l + 6*l - 2*d - 647 = 0, -3*d + 3287 = 5*l. What is the hundreds digit of l?
6
Let p be 3 + 0 + -7 + 2 + 5. Suppose 0 = 2*v - 2*m - 823 - 129, -967 = -2*v - p*m. What is the units digit of v?
9
Let v(q) = 6*q - 314. Let g be v(49). Let o(n) = -33*n - 284. What is the hundreds digit of o(g)?
3
Suppose -12*n = -11*n - 67. Suppose -n*h = -66*h + 1. What is the units digit of 53*(5 - 2) + h?
8
Let b = 56 - 47. Suppose 7 - b = -w. Suppose w*q - 6 = 0, -a - 3*q + 43 = a. What is the units digit of a?
7
What is the hundreds digit of 1029/(-294) + 200643/6?
4
Let t(v) = 757*v - 543. What is the units digit of t(14)?
5
Suppose k - 50984 = -17*u + 15*u, -127470 = -5*u - 5*k. What is the tens digit of u?
9
Let l(b) = 406*b - 54. Let s be l(5). Suppose 0 = r - 3*r + s. What is the tens digit of r?
8
Let y(r) = 1939*r**2 - 103*r + 295. What is the thousands digit of y(3)?
7
Let w be 9 - (7 + (-6 - -3)). Suppose 1200 = -w*j + 11*j. What is the hundreds digit of j?
2
Let l(x) = 6*x**2 + 93*x + 32. What is the tens digit of l(15)?
7
Let h = 25766 + 3449. What is the tens digit of h?
1
Let h(d) be the first derivative of -d**3/3 + 19*d**2/2 - 32*d + 14. Let n be h(17). Suppose p + n*p = -5*x + 84, -39 = -p + 2*x. What is the units digit of p?
3
Suppose c + 6*n - 2*n - 1 = 0, -n - 3 = -3*c. Let h be c/3*(659 - 20). Let z = -52 + h. What is the hundreds digit of z?
1
Let m(i) be the second derivative of i**5/20 + 7*i**4/12 + i**3/6 + 3*i**2/2 - 5*i. Let v(p) = -3*p - 1. Let u be v(1). What is the units digit of m(u)?
7
Let g(r) = 133*r**2 - 4*r + 10. Let a be g(-6). Suppose c - 3*c + 1940 = -2*o, 2*o = -5*c + a. What is the units digit of c?
6
Let g = 21139 + -14955. What is the tens digit of g?
8
Let d = 8735 - 3573. What is the hundreds digit of d?
1
Suppose d - 15 = -45. Let j = 34 + d. Suppose -j*c + 33 = 4*q - 139, -c = -5*q + 227. What is the units digit of q?
5
Let c(l) = -l + 2. Let i(a) = -a**2 - 5*a. Let g(b) = 6*c(b) - 3*i(b). What is the units digit of g(-13)?
2
Let s(h) = 49*h - 15. Let k = -2 - -5. Let l be s(k). Suppose -2*b + l = -76. What is the tens digit of b?
0
Let a(i) = i**3 + 7*i**2 + 13*i. Let c(h) = 4*h**3 + 28*h**2 + 51*h - 1. Let l(z) = -9*a(z) + 2*c(z). What is the hundreds digit of l(-13)?
2
Let k(j) = j**2 - 9*j + 22. Let h be k(4). Suppose h*s = 2*q + 526, -6*s - 2*q = -s - 1329. What is the tens digit of s?
6
Suppose 9*b - 14*b = 15. Let v = b - 7. What is the units digit of (5 - -1)*(-5)/v?
3
Let g = -41 - -65. Let s = g - 20. Suppose -5*k + 5*v + 30 = 0, s*k - 3*k - 4*v - 9 = 0. What is the units digit of k?
5
Let c = 45909 - 20082. What is the thousands digit of c?
5
What is the hundreds digit of 11 - 765/69 - 50533/(-23)?
1
Suppose -8*q + 325090 = 30*q. What is the tens digit of q?
5
Suppose -17*k = -28*k + 65802. Suppose -95*c + 89*c + k = 0. What is the hundreds digit of c?
9
Suppose -5*x - 95*a + 97*a = -136139, 8*x = -2*a + 217786. What is the tens digit of x?
2
Suppose 0 = 2*t - 5*m - 20639, -21*m + 15 = -16*m. What is the ten thousands digit of t?
1
Let q(g) = g**3 - 17*g**2 + 15*g - 13. Let n be q(16). Let f be 1 + 2 + -3 - (n - 5). Let m = -27 + f. What is the units digit of m?
7
Suppose 72*c = -3*x + 76*c - 14, 4*x = c - 23. Let o(i) = -224*i - 218. What is the tens digit of o(x)?
2
Let x(b) = 17*b**2 - 24*b - 57. Let g be x(-27). Suppose 5*t = -19*t + g. What is the units digit of t?
1
Suppose 5*z + 4*v = 42610, -449*z + 454*z - 42565 = 5*v. What is the units digit of z?
8
Let g(j) = -19*j + 13. Suppose 0*l + 2*l - 3*c - 6 = 0, 0 = -4*l + c + 22. Let m be g(l). Let o = m - -178. What is the tens digit of o?
7
Let m = 823 + -541. Let j be 2 - ((-3 - -65) + -3). Let z = m + j. What is the tens digit of z?
2
Let u(s) = -386*s - 1916. What is the units digit of u(-32)?
6
Suppose -57*b - 140742 = 46*b - 117*b. What is the units digit of b?
3
What is the thousands digit of (136/(-24))/((-12)/6768)?
3
Suppose -2*s + 377 + 541 = -4*r, -1131 = 5*r + 3*s. Let a = 57 - r. What is the tens digit of a?
8
Suppose 59*p = 31*p + 83916. What is the hundreds digit of p?
9
Let f(u) = u**3 - 5*u**2 + 439*u - 31. What is the tens digit of f(26)?
7
Let n = 18040 - 10372. What is the units digit of n?
8
Suppose -22 = 5*s - 37. Suppose -s*t + 439 = -3*o - 674, 2*t - 748 = -o. What is the hundreds digit of t?
3
Suppose -17*p + 148592 = 16196. What is the hundreds digit of p?
7
Let y = 246 + 221. Let r = y - 329. What is the tens digit of r?
3
Suppose 16*p + 66 = 178. What is the units digit of ((-12321)/27)/((-2)/(p - 1))?
9
Let r(c) be the third derivative of -c**5/60 - 3*c**4/2 - 13*c**3/6 + 54*c**2 + 3. What is the hundreds digit of r(-13)?
2
Let r = 20421 + 4967. What is the units digit of r?
8
Let x be -5*((-1)/(-5) + (-6)/10). Let l(o) = o**3 - o**2 - o + 2. What is the units digit of l(x)?
4
Let z be 0 + -2*(-9)/(-6). What is the hundreds digit of ((-18)/12)/(z + 10308/3440)?
4
Suppose 6*l + 3*l = 0. Suppose l = -3*t + v + 2343, -t + 4*v + 959 = 189. What is the tens digit of t?
8
Let c = 7310 - 3393. What is the units digit of c?
7
Let m = -7 - -10. Let f(j) be the first derivative of j**3 + 3*j**2/2 + 2*j - 137. What is the tens digit of f(m)?
3
Let o(i) be the third derivative of -61*i**4/12 + 35*i**3/3 - 9*i**2 + 2*i. What is the thousands digit of o(-8)?
1
Let y be (6/(-4))/(1/162). Let h be 2/((112/1001)/(-8)). Let m = h - y. What is the hundreds digit of m?
1
Suppose 13 - 10 = j. Let w be 49/(-21) - 2/j. What is the tens digit of (1128/w)/(-4) + 1?
9
Let r = 66471 + -8468. What is the units digit of r?
3
Let c(s) = -2224*s + 2433. What is the hundreds digit of c(-23)?
5
What is the units digit of